(w) = 25*w + 115. Let a be l(-2). What is the highest common factor of 182 and a?
13
Let o be 28/14*(-42)/4. Let t be ((-1)/(-2))/(o/22 - -1). What is the highest common divisor of t and 66?
11
Let z(f) be the second derivative of f**4/12 + f**3/3 + f**2/2 + 4*f. Let y be z(2). What is the highest common factor of 18 and y?
9
Suppose 2*s - 2685 = -3*l, -2*s + 2693 = -56*l + 51*l. What is the highest common divisor of 24 and s?
24
Let j(n) = -10*n + 4. Let v be j(-2). Suppose -4 - v = -7*p. What is the highest common divisor of p and 4?
4
Suppose -2*k = -2*p + 2, -3*p = 2*k + 12 - 0. Let g be 2 - ((k - -7) + -3). Calculate the greatest common factor of g and 1.
1
Let c(z) = 2*z - 9. Let t be c(6). Let a be (t - 5) + (-11)/(-1). Let l be (-62)/(-22) + 6/33. Calculate the highest common divisor of l and a.
3
Suppose -u + 6 = 3*k - 2, 0 = -5*k + 4*u + 19. Suppose -1 - k = -q. Let z = 34 - 33. Calculate the greatest common divisor of z and q.
1
Suppose -32*c + 248 + 550 = 158. Suppose -3*f - 2*f = -155. Suppose -49 - f = -4*o. Calculate the highest common divisor of c and o.
20
Suppose w + f = 105, -40*w + 2*f = -38*w - 198. Calculate the highest common divisor of w and 544.
34
Let s be 35/2 + (-6)/12. Let w = s - 14. Let u = 4 - w. Calculate the highest common factor of 9 and u.
1
Let k(p) = -7*p + 18. Let f be k(18). Let w = f + 136. What is the greatest common divisor of w and 84?
28
Let k = 574 + -549. Calculate the highest common divisor of 25 and k.
25
Let c = 4 - 4. Let b(g) = -g - 1. Let m(s) = 23. Let k(w) = b(w) + m(w). Let v be k(c). What is the greatest common divisor of 242 and v?
22
Let p = 358 - 338. Calculate the greatest common factor of 260 and p.
20
Suppose 0 = 4*m - 16, 3*i + 3*m - 2*m = 1624. What is the highest common factor of 40 and i?
20
Let x be (-6 - 2)*(-4 - (-72)/(-6)). Calculate the greatest common factor of 320 and x.
64
Suppose 0 = 4*l + 7*b - 2*b - 276, -2*b = -8. Calculate the highest common divisor of 16 and l.
16
Suppose -3*q + 12 = 0, 2*q - 61 = -5*j + 27. Suppose -7*f = -2*f - 20. Let n be 29/4 - f/j. Calculate the greatest common divisor of 21 and n.
7
Suppose -8*d - 104 = -16*d. Calculate the highest common factor of 13 and d.
13
Suppose -8 = -f - 4*m + 13, 2*m = 8. Suppose 2*x - f*y - 190 = 0, -3*x + 0*x - 3*y = -327. Calculate the greatest common factor of 21 and x.
21
Suppose -3*g - 20 = -230. Calculate the greatest common factor of 28 and g.
14
Let p be ((-9)/2)/(23/(-690)). Calculate the greatest common divisor of p and 5.
5
Suppose -29*k - 171 = -48*k. Let h = 23 + -11. Calculate the highest common factor of k and h.
3
Let h = -183 + 451. What is the highest common factor of h and 67?
67
Let d(t) = 2*t - 2 - 11*t + 6*t. Let i be d(-14). Calculate the highest common factor of 20 and i.
20
Suppose -141 = -2*g - 3*h, -5*h + 9*h - 214 = -3*g. What is the greatest common factor of g and 598?
26
Suppose 39 = -3*d - 5*f, 0 = 4*f - 4 - 8. Let t be 3/d - 134/(-12). Calculate the highest common divisor of t and 1.
1
Let a = -970 - -1018. Calculate the highest common divisor of 64 and a.
16
Suppose 0 = -11*b + 4012 + 1972. Calculate the highest common divisor of 32 and b.
32
Let k(i) = -9*i + 37. Let n be k(-7). Calculate the greatest common divisor of n and 30.
10
Let j be (2/4)/((-3)/(-858)). Let u be ((-26)/1)/((-18)/9). Calculate the highest common factor of j and u.
13
Let w be (16/10)/(105/2100). Calculate the highest common divisor of w and 92.
4
Let w = -19 + 56. Let o = w - 24. What is the greatest common factor of o and 26?
13
Suppose u - 125 = 2*u. Let y = -53 - u. Let p(n) = -2*n + 4. Let v be p(-4). What is the highest common divisor of y and v?
12
Suppose 5*w = -4*r + 245, -25*w + 68 = -24*w - 3*r. What is the highest common divisor of w and 1007?
53
Let z(v) = -3 + v**3 + 0 - 5 - 10*v**2 - 27*v + 17*v. Let s be z(11). Suppose -s*a + 2 = -2*a. Calculate the highest common factor of 14 and a.
2
Let i be (-42)/(-56) + (-564)/(-16). Calculate the highest common factor of i and 54.
18
Let y be (12 - 48/6)*(-1 - -120). Calculate the highest common divisor of 136 and y.
68
Let w = 166 - -106. What is the greatest common divisor of w and 68?
68
Suppose -1360 + 208 = -8*w. What is the greatest common factor of 324 and w?
36
Let j be (0 - 1)/(30/(-28) - -1). Calculate the highest common divisor of 189 and j.
7
Let m(g) = 3*g**3 - 20*g**2 + 3*g + 14. Let z be m(7). What is the highest common divisor of 112 and z?
28
Suppose 3*r - 6*r + 66 = 0. Suppose 3*o = -94 + r. Let j be 66/o*6*-2. What is the highest common factor of j and 11?
11
Let u = -369 + 516. Calculate the greatest common factor of u and 245.
49
Suppose 118 = i + 5*p, 97*i - 100*i + 332 = 4*p. Calculate the highest common divisor of 4 and i.
4
Let j(t) = 5*t - 112. Let w be j(27). What is the greatest common factor of 529 and w?
23
Suppose -3*f + 7 + 5 = 0. Suppose -f*c - 11 = 109. Let y = c - -70. What is the highest common divisor of y and 5?
5
Let g = 5 + -3. Suppose 2*i + m = -m, -i + 5*m + 18 = 0. Suppose g*o - i = o. What is the greatest common divisor of o and 27?
3
Suppose 494 = 76*n - 38. Calculate the greatest common factor of 1351 and n.
7
Let p = 50 + -25. Calculate the highest common divisor of 10 and p.
5
Suppose -9*k + 32 = -k. Let q be (-12)/(-3) - (k - 3). What is the highest common divisor of q and 5?
1
Let q = -448 - -452. Calculate the greatest common factor of q and 164.
4
Suppose 0 = 4*g + 4*c - 7*c - 27, -8 = 4*g + 4*c. Let p(h) = 2*h - 9 - h + g*h. Let r be p(6). What is the greatest common divisor of r and 6?
3
Let k = 66 + -64. Suppose 2*w = 4, 0 = -k*f + 4*w + 7 + 9. What is the greatest common factor of f and 4?
4
Suppose r + 62 = -2*p, 0 = -2*p + 4*r - 3*r - 70. Let g be (p/22)/((-6)/(-176)*-2). Calculate the greatest common divisor of g and 11.
11
Suppose -25 = 3*b - 37. Suppose 3*o = 4*a - 23, -b*o - 4*a + 21 = a. Let y be (o/(-3))/(4/132). Calculate the highest common factor of 55 and y.
11
Let x(z) = -z**2 - 7*z + 2. Let m be x(-3). Let k = -2 + m. Calculate the highest common factor of k and 12.
12
Let r be -4 - (-112 + -4)*1. What is the highest common divisor of 96 and r?
16
Suppose 6*k - 354 = -42. Calculate the greatest common divisor of k and 13.
13
Let c be 14/21*3/2. Suppose -3 = -d - c. Suppose 0*u + b - 193 = -d*u, 4*u - 388 = -4*b. Calculate the highest common factor of 12 and u.
12
Let v(k) = k**2 + 2*k - 13. Let s be v(-5). Suppose 14 = o - 4*m, -2*o + 0*m - s*m + 18 = 0. What is the highest common divisor of 10 and o?
10
Let g = 25 - 12. Suppose 5*o + 4*h - 24 = 0, -5*h = -3*o - 0*h + 7. Suppose -31 = -o*z + g. Calculate the greatest common divisor of z and 1.
1
Let c(p) = -3*p - 6. Let v be c(-5). Let m(n) = n**2 + 11*n - 24*n + v*n. Let x be m(6). What is the highest common factor of 3 and x?
3
Let h(d) = 2*d**3 - 4*d**2 - d + 24. Let r be h(6). Calculate the highest common factor of r and 12.
6
Let i = -32 - -79. Suppose 4*t + u + 0*u - 70 = 0, 2*u = 3*t - i. Calculate the greatest common factor of 85 and t.
17
Let n(h) = h + 14. Let v(c) = -2*c + 4. Let j be v(6). Let o be n(j). Let m be 4 + -1 - (o + -123). Calculate the greatest common divisor of m and 15.
15
Let z(r) = -3*r**2 - 106*r - 129. Let m be z(-34). What is the greatest common divisor of 448 and m?
7
Let h(l) = 2*l**3 - 2*l**2 - 2*l - 7. Let p be h(4). Calculate the highest common divisor of p and 90.
9
Suppose 7*x - 16 = 3*x + d, 4*x + d - 24 = 0. Let b(p) = 2*p**2 - p + 11. Let i be b(x). Calculate the greatest common factor of 14 and i.
14
Suppose -z = -l + 34, -5*l + 5*z + 175 = z. What is the highest common factor of 26 and l?
13
Let d be 10/(-50) - ((-428)/(-10) + -2). Let r = 89 + d. Calculate the highest common factor of r and 16.
16
Let i be (-11)/22*(-6 + -2). Suppose -7*d = -i*d - 12. Suppose -d*a = -4*n - 160, -4*a + n + 150 = -n. What is the greatest common divisor of 7 and a?
7
Suppose 0 = -9*k + 4*k - 5*y + 490, -5*k = -5*y - 540. Let c = k + -76. Calculate the highest common factor of c and 3.
3
Let v(f) = 16*f - 3. Let b be v(3). Let j = b + 4. Let t(q) = -q**3 - 25*q**2 + 23*q - 71. Let y be t(-26). What is the greatest common divisor of j and y?
7
Let h be 370/(4 + -6 + 4). What is the highest common divisor of 5